highest common factor of z and 8.
8
Suppose -2*m + 8 = -18. Calculate the greatest common factor of m and 39.
13
Let c(s) = -2*s + 2 + 2*s + 14*s + 9*s. Let i be c(2). Calculate the highest common divisor of 12 and i.
12
Let q = 8 - 5. Suppose 0 = 2*n + q*j - 11, 2 + 10 = -4*j. Let z = 166 - 86. What is the highest common divisor of z and n?
10
Let c(h) = h**3 + h**2 + h. Let w be c(0). Suppose n - 105 = 3*u, -n + w*n - 4*u + 105 = 0. Calculate the greatest common divisor of 15 and n.
15
Let f be (24 - -2) + 2 + (1 - 3). What is the highest common divisor of f and 65?
13
Let c be 1/(2 + 987/(-495)). Suppose 3*w - c = -0*w. What is the greatest common divisor of 11 and w?
11
Let o(s) = -7*s. Let q be o(-2). Let k(f) = -18*f - 136. Let z be k(-13). Calculate the greatest common divisor of z and q.
14
Suppose 4*x - o = 187, 2*x + o - 83 = -2*o. Let q = x - 19. Calculate the greatest common factor of 18 and q.
9
Suppose 3*m - 200 = -20. Calculate the highest common divisor of 20 and m.
20
Suppose -2*r + 3*m = -4*r + 1, -4*m - 12 = 0. Let w = -7 - -12. What is the greatest common divisor of r and w?
5
Let y(i) = -2*i**3 - i**2 + i - 3. Let u be y(-4). Let n = 6 + 15. Calculate the greatest common factor of u and n.
21
Suppose 0 = 2*z + z. Suppose 5*s - g - 11 = 3*g, -3*s = 2*g + 11. Let d = z - s. What is the greatest common factor of 9 and d?
1
Let j be 1950/6 + (-1)/(-1). Let k = j + -230. Suppose 2*c = -2*c + k. Calculate the greatest common factor of c and 24.
24
Suppose 9*b = 14*b. Suppose b = -4*f + f + 315. Calculate the greatest common divisor of 15 and f.
15
Let f be (-260)/(-15) + -2 + (-2)/6. Calculate the highest common divisor of f and 60.
15
Let w(z) = 8*z - 2. Let k(t) = -t + 1. Let d(m) = -6*k(m) - w(m). Let s be d(-8). What is the highest common factor of 24 and s?
12
Let v(b) = -2*b. Let z be v(-6). Calculate the greatest common factor of 6 and z.
6
Let t(d) be the second derivative of d**4/12 - d**3/2 + 3*d**2/2 + 5*d. Let m = -2 - 1. Let v be t(m). What is the greatest common factor of 3 and v?
3
Let w be (31 - 1)*(-4)/(-6). Suppose -4*x + g + 22 = 0, -g - 4*g - 10 = 0. Suppose x*r - 66 = -26. Calculate the greatest common factor of r and w.
4
Let r = 7 - 4. Suppose -6*b = -2*b - 12. Suppose 3*k - 6*g + 3*g - 81 = 0, 4*k - 108 = b*g. Calculate the highest common factor of r and k.
3
Let m = -59 - -67. Let x(j) = j**3 + 4*j**2 - 2*j + 1. Let s be x(-3). Calculate the greatest common factor of m and s.
8
Suppose 3*m + 3*b - 82 - 41 = 0, -2*b - 158 = -4*m. Calculate the greatest common factor of 4 and m.
4
Let h be 3 - (1 - 0/1). Suppose -w = -h*w. Suppose w = -3*y + 30 + 21. What is the highest common divisor of y and 17?
17
Let j be 6/1*16/24. Suppose -4*q - 33 = -3*s, -2*q = -j*q. Calculate the highest common divisor of s and 121.
11
Let q be 0/(-2) - (-5 + 2). Suppose -q*y + 4 = -y. What is the greatest common divisor of 12 and y?
2
Let o = -5 - -7. Let k = 0 + o. What is the highest common factor of 6 and k?
2
Let k be 15/(-2)*(0 + (-24)/10). What is the greatest common factor of k and 36?
18
Suppose -5*u + 8*u = 135. Let g = 25 + -15. Suppose 26 = 4*a - g. What is the highest common factor of u and a?
9
Let d = -14 - -18. Let q(f) = f + 4. Let k be q(d). What is the highest common factor of k and 2?
2
Let w be (-8)/40 - (-271)/5. Calculate the highest common factor of 36 and w.
18
Suppose 4*u + 2*v = -54, 0 = 4*v + v - 25. Let x be (-5)/(5/u) + -1. Calculate the highest common divisor of x and 15.
15
Suppose -3*a + 0*a = -72. Let b = a - -4. Calculate the greatest common factor of b and 7.
7
Let d(l) = -l**3 - l**2 + 2*l + 4. Let b be d(0). Suppose -g + 3*g - 5*n = -3, 4 = b*n. Calculate the greatest common divisor of 1 and g.
1
Let c(l) = 2*l**3 - 6*l**2 - 6*l + 2. Let n be c(4). Calculate the greatest common factor of n and 15.
5
Let l = 0 - 0. Let h = l - -3. Let b = 54 - 30. Calculate the highest common factor of b and h.
3
Suppose -2*n = -7*n. Let a be -19 - (n - (2 - 3)). Let b = a - -35. Calculate the greatest common factor of 75 and b.
15
Let q be 56 + (-4 - -6)*-1. Let a be (4/(-6))/(2/(-108)). What is the highest common factor of q and a?
18
Suppose 7 + 7 = -2*z. Let k(n) be the third derivative of -n**4/24 + 7*n**3/6 - 2*n**2. Let t be k(z). Calculate the greatest common divisor of 154 and t.
14
Suppose 5*p - 186 = -2*q, 181 = 4*p + 5*q + 39. Let o be 38*14/8*4/14. What is the highest common factor of p and o?
19
Let f = -21 + 42. Calculate the highest common divisor of f and 147.
21
Suppose 28 + 92 = 5*u. What is the greatest common divisor of u and 8?
8
Let j(u) be the third derivative of u**5/60 + u**3/3 - 4*u**2. Let q be j(-3). Calculate the highest common divisor of 77 and q.
11
Suppose w = -3*w + 32. What is the highest common divisor of w and 6?
2
Let x(f) be the first derivative of 4*f**3/3 + f**2/2 - 7. Let w = -3 + 2. Let t be x(w). What is the greatest common factor of 12 and t?
3
Let d(o) = o**3 - 11*o**2 + 10*o. Let g be d(10). Suppose g = 5*l - 27 - 63. Calculate the greatest common factor of l and 18.
18
Let f(m) = -5*m + 1. Let p be -3 - 4/(-4)*1. Let u be f(p). Let d be 3/(-9) + (-34)/(-3). Calculate the highest common factor of d and u.
11
Suppose -6*q = -11*q + 1320. What is the highest common divisor of 33 and q?
33
Let t(b) = -14*b. Let v be t(-2). Let z(k) = -k**3 + 4*k**2 + 3*k + 5. Let o be z(4). Let j = -10 + o. Calculate the highest common factor of j and v.
7
Suppose -4*r = -5*i + 244, -r + 71 + 24 = 2*i. Calculate the highest common divisor of i and 6.
6
Let c = 7 - -101. Calculate the highest common factor of c and 12.
12
Let t(q) = 2*q - 5. Let z be t(5). Suppose -z*v + 4*f = -f - 115, 28 = v + 4*f. Let p(s) = -6*s. Let u be p(-2). What is the greatest common factor of u and v?
12
Let d = -21 - -24. Let k(y) = -3*y - 8. Let w be k(-6). Let m = w + 17. Calculate the highest common divisor of d and m.
3
Suppose -3 = -2*i + 5. Suppose 6*k = i*k + 72. Calculate the greatest common divisor of k and 9.
9
Let t(s) = 9*s + 95. Let v be t(0). Calculate the highest common factor of 38 and v.
19
Let c = 22 + -17. Calculate the highest common divisor of c and 45.
5
Suppose -2*i + r + 29 = 0, 0 = i - r - r - 16. Suppose 3*q - q = -4*f + 236, 2*q = -3*f + 240. Calculate the greatest common divisor of q and i.
14
Suppose 0 = 8*n - 5*n + 141. Let z = n + 139. What is the highest common factor of z and 23?
23
Let r(g) = 5*g + 7*g**2 + 1 + 3 + 4 - 1 + g**3. Let o be r(-6). What is the greatest common factor of o and 52?
13
Let d = -88 - -244. What is the highest common factor of 39 and d?
39
Let y be (-30)/70 + 244/14. What is the highest common factor of y and 68?
17
Let j be 18/30 + (-12)/(-5). Suppose 2*t = -4, -5*r - j*t - 2*t + 70 = 0. What is the highest common divisor of 2 and r?
2
Let b(j) = 55*j**2 + 2*j - 2. Let l be b(1). What is the highest common divisor of l and 5?
5
Let s be 3/9 - (-1)/(-3). Suppose -5*u - 7 = -5*n - 2, s = -2*n + 5*u - 7. Calculate the greatest common divisor of n and 20.
4
Suppose -53 = -b - 6*r + r, -5*b + 5*r = -205. What is the highest common factor of b and 473?
43
Let m(y) = 54*y + 4. Let v be m(4). What is the highest common divisor of v and 20?
20
Let g be (-51)/27*-21 + 3/9. Let y be (2/3)/(2/30). Calculate the highest common factor of y and g.
10
Let w = 23 - 21. Calculate the highest common divisor of 3 and w.
1
Suppose -3*z - 4 + 22 = 0. Let b = 21 + z. Calculate the highest common factor of b and 3.
3
Suppose 5*f + 22 = 67. Suppose f + 9 = y. Calculate the greatest common factor of y and 162.
18
Let l(u) = 8*u + 1. Let n be l(-1). Suppose y + 4*k - 3 = -0*y, 0 = -3*k. Let z = y - n. What is the greatest common divisor of z and 30?
10
Let x(q) = -q**2 + 4*q - 3. Let d be x(4). Let o = d - -8. Suppose -c + 5 = -o. Calculate the highest common factor of 20 and c.
10
Let v be (14/(-8))/(1/(-4)). Suppose 2 = 5*h - c - 1, -v = -h - 3*c. Let f be (h + 0)/((-11)/(-44)). What is the greatest common factor of f and 32?
4
Let m(f) = -3*f - 2*f - 6*f + 2*f + 2*f**2. Let a be m(6). Calculate the greatest common divisor of 72 and a.
18
Suppose 0 = -4*s - 2*s + 36. What is the highest common divisor of s and 12?
6
Suppose 0 = -m + 5*k + 81 + 57, 2*k - 508 = -4*m. Cal